red thousands digit of 3211371?
2
What is the thousands digit of 235955?
5
What is the tens digit of 1800364?
6
What is the millions digit of 1124627?
1
What is the units digit of 340595?
5
What is the units digit of 298007?
7
What is the hundreds digit of 371497?
4
What is the hundred thousands digit of 518405?
5
What is the thousands digit of 13532?
3
What is the hundred thousands digit of 900192?
9
What is the ten thousands digit of 334106?
3
What is the ten thousands digit of 140843?
4
What is the tens digit of 402562?
6
What is the hundred thousands digit of 5691570?
6
What is the millions digit of 3005433?
3
What is the ten thousands digit of 6373769?
7
What is the thousands digit of 475489?
5
What is the units digit of 481426?
6
What is the hundred thousands digit of 1803152?
8
What is the tens digit of 163220?
2
What is the hundred thousands digit of 4670393?
6
What is the thousands digit of 495360?
5
What is the units digit of 4284077?
7
What is the millions digit of 6449962?
6
What is the ten thousands digit of 86910?
8
What is the ten thousands digit of 603196?
0
What is the thousands digit of 177011?
7
What is the ten thousands digit of 452533?
5
What is the thousands digit of 6412615?
2
What is the units digit of 394728?
8
What is the hundred thousands digit of 417004?
4
What is the hundreds digit of 4933?
9
What is the hundreds digit of 167237?
2
What is the ten thousands digit of 1801749?
0
What is the tens digit of 450180?
8
What is the hundred thousands digit of 119902?
1
What is the units digit of 645806?
6
What is the hundred thousands digit of 1083728?
0
What is the thousands digit of 180006?
0
What is the tens digit of 173019?
1
What is the ten thousands digit of 8870982?
7
What is the tens digit of 210471?
7
What is the hundred thousands digit of 2963037?
9
What is the tens digit of 3591430?
3
What is the thousands digit of 2367027?
7
What is the thousands digit of 6056631?
6
What is the ten thousands digit of 10977400?
7
What is the hundred thousands digit of 20248699?
2
What is the thousands digit of 5745563?
5
What is the ten thousands digit of 32270095?
7
What is the tens digit of 423337?
3
What is the units digit of 297391?
1
What is the thousands digit of 486263?
6
What is the tens digit of 694029?
2
What is the thousands digit of 22961256?
1
What is the thousands digit of 23464562?
4
What is the units digit of 226065?
5
What is the hundreds digit of 10871491?
4
What is the units digit of 42996?
6
What is the thousands digit of 239153?
9
What is the ten thousands digit of 2677448?
7
What is the millions digit of 4085778?
4
What is the millions digit of 4507707?
4
What is the thousands digit of 13615409?
5
What is the ten thousands digit of 27522486?
2
What is the hundreds digit of 220919?
9
What is the thousands digit of 109896?
9
What is the thousands digit of 365094?
5
What is the hundred thousands digit of 150410?
1
What is the hundred thousands digit of 2072779?
0
What is the hundreds digit of 2777185?
1
What is the tens digit of 170303?
0
What is the thousands digit of 135669?
5
What is the thousands digit of 219205?
9
What is the units digit of 161187?
7
What is the millions digit of 3555795?
3
What is the thousands digit of 17015412?
5
What is the units digit of 1492966?
6
What is the tens digit of 1068904?
0
What is the tens digit of 325265?
6
What is the tens digit of 6006618?
1
What is the hundred thousands digit of 107774?
1
What is the tens digit of 995539?
3
What is the hundred thousands digit of 893664?
8
What is the ten thousands digit of 5248883?
4
What is the tens digit of 53326?
2
What is the hundred thousands digit of 3953617?
9
What is the hundreds digit of 11192353?
3
What is the tens digit of 231106?
0
What is the millions digit of 1138641?
1
What is the hundreds digit of 1674945?
9
What is the thousands digit of 845341?
5
What is the millions digit of 19356277?
9
What is the tens digit of 77903?
0
What is the hundred thousands digit of 276515?
2
What is the hundreds digit of 7814030?
0
What is the hundred thousands digit of 831827?
8
What is the thousands digit of 824542?
4
What is the hundreds digit of 7730415?
4
What is the hundreds digit of 1686042?
0
What is the ten thousands digit of 6378039?
7
What is the hundred thousands digit of 8156179?
1
What is the hundreds digit of 6218486?
4
What is the hundred thousands digit of 18916901?
9
What is the hundred thousands digit of 15689497?
6
What is the tens digit of 21530841?
4
What is the thousands digit of 4577099?
7
What is the units digit of 249997?
7
What is the hundreds digit of 3390858?
8
What is the hundreds digit of 2064911?
9
What is the hundreds digit of 2033708?
7
What is the hundred thousands digit of 242647?
2
What is the tens digit of 64356?
5
What is the units digit of 324822?
2
What is the hundred thousands digit of 902372?
9
What is the tens digit of 15142844?
4
What is the millions digit of 4263416?
4
What is the tens digit of 4795969?
6
What is the hundred thousands digit of 3836468?
8
What is the tens digit of 3405570?
7
What is the ten thousands digit of 17355817?
5
What is the hundred thousands digit of 11072925?
0
What is the thousands digit of 1782769?
2
What is the tens digit of 8817594?
9
What is the units digit of 4717332?
2
What is the hundreds digit of 413938?
9
What is the ten thousands digit of 533986?
3
What is the hundreds digit of 5639300?
3
What is the hundred thousands digit of 118330?
1
What is the millions digit of 4858007?
4
What is the hundreds digit of 2495776?
7
What is the millions digit of 1261368?
1
What is the hundred thousands digit of 16512309?
5
What is the hundred thousands digit of 414623?
4
What is the millions digit of 20515782?
0
What is the hundred thousands digit of 1298472?
2
What is the ten thousands digit of 2095573?
9
What is the hundreds digit of 4436228?
2
What is the thousands digit of 1458779?
8
What is the ten thousands digit of 975661?
7
What is the hundreds digit of 314032?
0
What is the tens digit of 227272?
7
What is the ten millions digit of 18087159?
1
What is the hundreds digit of 5470237?
2
What is the ten thousands digit of 3284906?
8
What is the thousands digit of 2015978?
5
What is the ten thousands digit of 35945?
3
What is the tens digit of 12190823?
2
What is the hundred thousands digit of 1119821?
1
What is the units digit of 76264?
4
What is the thousands digit of 342730?
2
What is the ten thousands digit of 48856?
4
What is the units digit of 3823351?
1
What is the hundreds digit of 1112423?
4
What is the ten thousands digit of 550621?
5
What is the tens digit of 10465892?
9
What is the units digit of 1552492?
2
What is the hundred thousands digit of 200140?
2
What is the ten thousands digit of 37024137?
2
What is the units digit of 909684?
4
What is the thousands digit of 1603337?
3
What is the thousands digit of 390899?
0
What is the tens digit of 748035?
3
What is the ten thousands digit of 5812476?
1
What is the tens digit of 8520162?
6
What is the tens digit of 34097?
9
What is the millions digit of 18723080?
8
What is the thousands digit of 1803218?
3
What is the ten thousands digit of 19555603?
5
What is the hundreds digit of 9553343?
3
What is the ten thousands digit of 108339?
0
What is the hundreds digit of 176936?
9
What is the thousands digit of 182925?
2
What is the hundred thousands digit of 596249?
5
What is the tens digit of 388245?
4
What is the ten thousands digit of 81343?
8
What is the thousands digit of 3079865?
9
What is the units digit of 124827?
7
What is the hundred thousands digit of 4615959?
6
What is the thousands digit of 465945?
5
What is the hundreds digit of 20498?
4
What is the thousands digit of 11613253?
3
What is the millions digit of 3711757?
3
What is the ten thousands digit of 3021623?
2
What is the ten thousands digit of 3437248?
3
What is the thousands digit of 4737680?
7
What is the units digit of 11643299?
9
What is the millions digit of 1119519?
1
What is the hundred thousands digit of 3176532?
1
What is the tens digit of 193487?
8
What is the thousands digit of 728098?
8
What is the units digit of 47278?
8
What is the ten millions digit of 15320770?
1
What is the tens digit of 117951?
5
What is the units digit of 2